{"id":207,"date":"2024-06-20T08:52:14","date_gmt":"2024-06-20T08:52:14","guid":{"rendered":"https:\/\/www.mastercold.hu\/?page_id=207"},"modified":"2024-06-20T08:52:15","modified_gmt":"2024-06-20T08:52:15","slug":"impresszum","status":"publish","type":"page","link":"https:\/\/www.mastercold.hu\/index.php\/impresszum\/","title":{"rendered":"Impresszum"},"content":{"rendered":"\n<p><strong>A mastercold.hu kezel\u0151je<\/strong>: Galambos G\u00e1bor<\/p>\n\n\n\n<p><strong>Ad\u00f3sz\u00e1m<\/strong>:<\/p>\n\n\n\n<p><strong>A honlap t\u00e1rhely szolg\u00e1ltat\u00f3ja:<\/strong><\/p>\n\n\n\n<p>Websupport Magyarorsz\u00e1g Kft.<br>C\u00edm: <\/p>\n\n\n\n<p>1119 Budapest,<br>Feh\u00e9rv\u00e1ri \u00fat 97-99.<br>Ad\u00f3sz\u00e1m: 25138205-2-43<\/p>\n\n\n\n<p><strong>El\u00e9rhet\u0151s\u00e9gek:<\/strong><\/p>\n\n\n\n<p>info.mcold@gmail.com<br>+36 20 544 4757<\/p>\n","protected":false},"excerpt":{"rendered":"<p>A mastercold.hu kezel\u0151je: Galambos G\u00e1bor Ad\u00f3sz\u00e1m: A honlap t\u00e1rhely szolg\u00e1ltat\u00f3ja: Websupport Magyarorsz\u00e1g Kft.C\u00edm: 1119 Budapest,Feh\u00e9rv\u00e1ri \u00fat 97-99.Ad\u00f3sz\u00e1m: 25138205-2-43 El\u00e9rhet\u0151s\u00e9gek: info.mcold@gmail.com+36 20 544 4757<\/p>\n","protected":false},"author":1,"featured_media":0,"parent":0,"menu_order":0,"comment_status":"closed","ping_status":"closed","template":"","meta":{"footnotes":""},"class_list":["post-207","page","type-page","status-publish","hentry"],"yoast_head":"<!-- This site is optimized with the Yoast SEO plugin v24.4 - https:\/\/yoast.com\/wordpress\/plugins\/seo\/ -->\n<title>Impresszum - MasterCold<\/title>\n<meta name=\"robots\" content=\"index, follow, max-snippet:-1, max-image-preview:large, max-video-preview:-1\" \/>\n<link rel=\"canonical\" href=\"https:\/\/www.mastercold.hu\/index.php\/impresszum\/\" \/>\n<meta property=\"og:locale\" content=\"hu_HU\" \/>\n<meta property=\"og:type\" content=\"article\" \/>\n<meta property=\"og:title\" content=\"Impresszum - MasterCold\" \/>\n<meta property=\"og:description\" content=\"A mastercold.hu kezel\u0151je: Galambos G\u00e1bor Ad\u00f3sz\u00e1m: A honlap t\u00e1rhely szolg\u00e1ltat\u00f3ja: Websupport Magyarorsz\u00e1g Kft.C\u00edm: 1119 Budapest,Feh\u00e9rv\u00e1ri \u00fat 97-99.Ad\u00f3sz\u00e1m: 25138205-2-43 El\u00e9rhet\u0151s\u00e9gek: info.mcold@gmail.com+36 20 544 4757\" \/>\n<meta property=\"og:url\" content=\"https:\/\/www.mastercold.hu\/index.php\/impresszum\/\" \/>\n<meta property=\"og:site_name\" content=\"MasterCold\" \/>\n<meta property=\"article:modified_time\" content=\"2024-06-20T08:52:15+00:00\" \/>\n<meta name=\"twitter:card\" content=\"summary_large_image\" \/>\n<meta name=\"twitter:label1\" content=\"Becs\u00fclt olvas\u00e1si id\u0151\" \/>\n\t<meta name=\"twitter:data1\" content=\"1 perc\" \/>\n<script type=\"application\/ld+json\" class=\"yoast-schema-graph\">{\"@context\":\"https:\/\/schema.org\",\"@graph\":[{\"@type\":\"WebPage\",\"@id\":\"https:\/\/www.mastercold.hu\/index.php\/impresszum\/\",\"url\":\"https:\/\/www.mastercold.hu\/index.php\/impresszum\/\",\"name\":\"Impresszum - MasterCold\",\"isPartOf\":{\"@id\":\"https:\/\/www.mastercold.hu\/#website\"},\"datePublished\":\"2024-06-20T08:52:14+00:00\",\"dateModified\":\"2024-06-20T08:52:15+00:00\",\"breadcrumb\":{\"@id\":\"https:\/\/www.mastercold.hu\/index.php\/impresszum\/#breadcrumb\"},\"inLanguage\":\"hu\",\"potentialAction\":[{\"@type\":\"ReadAction\",\"target\":[\"https:\/\/www.mastercold.hu\/index.php\/impresszum\/\"]}]},{\"@type\":\"BreadcrumbList\",\"@id\":\"https:\/\/www.mastercold.hu\/index.php\/impresszum\/#breadcrumb\",\"itemListElement\":[{\"@type\":\"ListItem\",\"position\":1,\"name\":\"Kezd\u0151lap\",\"item\":\"https:\/\/www.mastercold.hu\/\"},{\"@type\":\"ListItem\",\"position\":2,\"name\":\"Impresszum\"}]},{\"@type\":\"WebSite\",\"@id\":\"https:\/\/www.mastercold.hu\/#website\",\"url\":\"https:\/\/www.mastercold.hu\/\",\"name\":\"MasterCold\",\"description\":\"MasterCold\",\"potentialAction\":[{\"@type\":\"SearchAction\",\"target\":{\"@type\":\"EntryPoint\",\"urlTemplate\":\"https:\/\/www.mastercold.hu\/?s={search_term_string}\"},\"query-input\":{\"@type\":\"PropertyValueSpecification\",\"valueRequired\":true,\"valueName\":\"search_term_string\"}}],\"inLanguage\":\"hu\"}]}<\/script>\n<!-- \/ Yoast SEO plugin. -->","yoast_head_json":{"title":"Impresszum - MasterCold","robots":{"index":"index","follow":"follow","max-snippet":"max-snippet:-1","max-image-preview":"max-image-preview:large","max-video-preview":"max-video-preview:-1"},"canonical":"https:\/\/www.mastercold.hu\/index.php\/impresszum\/","og_locale":"hu_HU","og_type":"article","og_title":"Impresszum - MasterCold","og_description":"A mastercold.hu kezel\u0151je: Galambos G\u00e1bor Ad\u00f3sz\u00e1m: A honlap t\u00e1rhely szolg\u00e1ltat\u00f3ja: Websupport Magyarorsz\u00e1g Kft.C\u00edm: 1119 Budapest,Feh\u00e9rv\u00e1ri \u00fat 97-99.Ad\u00f3sz\u00e1m: 25138205-2-43 El\u00e9rhet\u0151s\u00e9gek: info.mcold@gmail.com+36 20 544 4757","og_url":"https:\/\/www.mastercold.hu\/index.php\/impresszum\/","og_site_name":"MasterCold","article_modified_time":"2024-06-20T08:52:15+00:00","twitter_card":"summary_large_image","twitter_misc":{"Becs\u00fclt olvas\u00e1si id\u0151":"1 perc"},"schema":{"@context":"https:\/\/schema.org","@graph":[{"@type":"WebPage","@id":"https:\/\/www.mastercold.hu\/index.php\/impresszum\/","url":"https:\/\/www.mastercold.hu\/index.php\/impresszum\/","name":"Impresszum - MasterCold","isPartOf":{"@id":"https:\/\/www.mastercold.hu\/#website"},"datePublished":"2024-06-20T08:52:14+00:00","dateModified":"2024-06-20T08:52:15+00:00","breadcrumb":{"@id":"https:\/\/www.mastercold.hu\/index.php\/impresszum\/#breadcrumb"},"inLanguage":"hu","potentialAction":[{"@type":"ReadAction","target":["https:\/\/www.mastercold.hu\/index.php\/impresszum\/"]}]},{"@type":"BreadcrumbList","@id":"https:\/\/www.mastercold.hu\/index.php\/impresszum\/#breadcrumb","itemListElement":[{"@type":"ListItem","position":1,"name":"Kezd\u0151lap","item":"https:\/\/www.mastercold.hu\/"},{"@type":"ListItem","position":2,"name":"Impresszum"}]},{"@type":"WebSite","@id":"https:\/\/www.mastercold.hu\/#website","url":"https:\/\/www.mastercold.hu\/","name":"MasterCold","description":"MasterCold","potentialAction":[{"@type":"SearchAction","target":{"@type":"EntryPoint","urlTemplate":"https:\/\/www.mastercold.hu\/?s={search_term_string}"},"query-input":{"@type":"PropertyValueSpecification","valueRequired":true,"valueName":"search_term_string"}}],"inLanguage":"hu"}]}},"_links":{"self":[{"href":"https:\/\/www.mastercold.hu\/index.php\/wp-json\/wp\/v2\/pages\/207","targetHints":{"allow":["GET"]}}],"collection":[{"href":"https:\/\/www.mastercold.hu\/index.php\/wp-json\/wp\/v2\/pages"}],"about":[{"href":"https:\/\/www.mastercold.hu\/index.php\/wp-json\/wp\/v2\/types\/page"}],"author":[{"embeddable":true,"href":"https:\/\/www.mastercold.hu\/index.php\/wp-json\/wp\/v2\/users\/1"}],"replies":[{"embeddable":true,"href":"https:\/\/www.mastercold.hu\/index.php\/wp-json\/wp\/v2\/comments?post=207"}],"version-history":[{"count":1,"href":"https:\/\/www.mastercold.hu\/index.php\/wp-json\/wp\/v2\/pages\/207\/revisions"}],"predecessor-version":[{"id":208,"href":"https:\/\/www.mastercold.hu\/index.php\/wp-json\/wp\/v2\/pages\/207\/revisions\/208"}],"wp:attachment":[{"href":"https:\/\/www.mastercold.hu\/index.php\/wp-json\/wp\/v2\/media?parent=207"}],"curies":[{"name":"wp","href":"https:\/\/api.w.org\/{rel}","templated":true}]}}